{"id":2,"date":"2019-05-11T07:09:05","date_gmt":"2019-05-11T07:09:05","guid":{"rendered":"https:\/\/web1.1aconsulting.ch\/?page_id=2"},"modified":"2022-06-30T08:28:10","modified_gmt":"2022-06-30T08:28:10","slug":"sample-page","status":"publish","type":"page","link":"https:\/\/web1.1aconsulting.ch\/","title":{"rendered":"Brauchen Sie Unterst\u00fctzung?"},"content":{"rendered":"\n<p class=\"has-medium-font-size\" style=\"line-height:1\">Im Bereich Geb\u00e4udetechnik\/Geb\u00e4udebetrieb <\/p>\n\n\n\n<p class=\"has-medium-font-size\" style=\"line-height:1\">oder gesunde Lebensweise?<\/p>\n\n\n\n<blockquote class=\"wp-block-quote\"><p>dann k\u00f6nnen wir Ihnen helfen<\/p><\/blockquote>\n\n\n\n<div class=\"wp-block-cover is-light\"><span aria-hidden=\"true\" class=\"wp-block-cover__background has-background-dim\"><\/span><img loading=\"lazy\" width=\"2560\" height=\"1922\" class=\"wp-block-cover__image-background wp-image-51\" alt=\"\" src=\"https:\/\/web1.1aconsulting.ch\/wp-content\/uploads\/2022\/06\/Rebsamen_Emil_Originalfoto_20210608-edited-scaled.jpg\" style=\"object-position:46% 63%\" data-object-fit=\"cover\" data-object-position=\"46% 63%\" srcset=\"https:\/\/web1.1aconsulting.ch\/wp-content\/uploads\/2022\/06\/Rebsamen_Emil_Originalfoto_20210608-edited-scaled.jpg 2560w, https:\/\/web1.1aconsulting.ch\/wp-content\/uploads\/2022\/06\/Rebsamen_Emil_Originalfoto_20210608-edited-300x225.jpg 300w, https:\/\/web1.1aconsulting.ch\/wp-content\/uploads\/2022\/06\/Rebsamen_Emil_Originalfoto_20210608-edited-1024x769.jpg 1024w, https:\/\/web1.1aconsulting.ch\/wp-content\/uploads\/2022\/06\/Rebsamen_Emil_Originalfoto_20210608-edited-768x577.jpg 768w, https:\/\/web1.1aconsulting.ch\/wp-content\/uploads\/2022\/06\/Rebsamen_Emil_Originalfoto_20210608-edited-1536x1153.jpg 1536w, https:\/\/web1.1aconsulting.ch\/wp-content\/uploads\/2022\/06\/Rebsamen_Emil_Originalfoto_20210608-edited-2048x1538.jpg 2048w\" sizes=\"(max-width: 767px) 89vw, (max-width: 1000px) 54vw, (max-width: 1071px) 543px, 580px\" \/><div class=\"wp-block-cover__inner-container\">\n<blockquote class=\"wp-block-quote is-style-default has-small-font-size\"><p><br><br><br><\/p><\/blockquote>\n<\/div><\/div>\n\n\n\n<p>Emil Rebsamen &#8211; Geb\u00e4udetechnik Ingenieur FH<br>emil.rebsamen@1aconsulting.ch<\/p>\n\n\n\n<blockquote class=\"wp-block-quote is-style-default\"><p><\/p><\/blockquote>\n\n\n\n<figure class=\"wp-block-image\"><img loading=\"lazy\" width=\"2448\" height=\"1835\" src=\"https:\/\/web1.1aconsulting.ch\/wp-content\/uploads\/2022\/06\/Foto-Pia-Salzburg-edited.jpg\" alt=\"\" class=\"wp-image-64\" srcset=\"https:\/\/web1.1aconsulting.ch\/wp-content\/uploads\/2022\/06\/Foto-Pia-Salzburg-edited.jpg 2448w, https:\/\/web1.1aconsulting.ch\/wp-content\/uploads\/2022\/06\/Foto-Pia-Salzburg-edited-300x225.jpg 300w, https:\/\/web1.1aconsulting.ch\/wp-content\/uploads\/2022\/06\/Foto-Pia-Salzburg-edited-1024x768.jpg 1024w, https:\/\/web1.1aconsulting.ch\/wp-content\/uploads\/2022\/06\/Foto-Pia-Salzburg-edited-768x576.jpg 768w, https:\/\/web1.1aconsulting.ch\/wp-content\/uploads\/2022\/06\/Foto-Pia-Salzburg-edited-1536x1151.jpg 1536w, https:\/\/web1.1aconsulting.ch\/wp-content\/uploads\/2022\/06\/Foto-Pia-Salzburg-edited-2048x1535.jpg 2048w\" sizes=\"(max-width: 767px) 89vw, (max-width: 1000px) 54vw, (max-width: 1071px) 543px, 580px\" \/><\/figure>\n\n\n\n<p>Pia Rebsamen &#8211; Gesundheitsberaterin<br>pia.rebsamen@1aconsulting.ch<\/p>\n","protected":false},"excerpt":{"rendered":"<p>Im Bereich Geb\u00e4udetechnik\/Geb\u00e4udebetrieb oder gesunde Lebensweise? dann k\u00f6nnen wir Ihnen helfen Emil Rebsamen &#8211; Geb\u00e4udetechnik Ingenieur FHemil.rebsamen@1aconsulting.ch Pia Rebsamen &#8211; Gesundheitsberaterinpia.rebsamen@1aconsulting.ch<\/p>\n","protected":false},"author":1,"featured_media":0,"parent":0,"menu_order":0,"comment_status":"closed","ping_status":"closed","template":"","meta":[],"_links":{"self":[{"href":"https:\/\/web1.1aconsulting.ch\/index.php?rest_route=\/wp\/v2\/pages\/2"}],"collection":[{"href":"https:\/\/web1.1aconsulting.ch\/index.php?rest_route=\/wp\/v2\/pages"}],"about":[{"href":"https:\/\/web1.1aconsulting.ch\/index.php?rest_route=\/wp\/v2\/types\/page"}],"author":[{"embeddable":true,"href":"https:\/\/web1.1aconsulting.ch\/index.php?rest_route=\/wp\/v2\/users\/1"}],"replies":[{"embeddable":true,"href":"https:\/\/web1.1aconsulting.ch\/index.php?rest_route=%2Fwp%2Fv2%2Fcomments&post=2"}],"version-history":[{"count":14,"href":"https:\/\/web1.1aconsulting.ch\/index.php?rest_route=\/wp\/v2\/pages\/2\/revisions"}],"predecessor-version":[{"id":66,"href":"https:\/\/web1.1aconsulting.ch\/index.php?rest_route=\/wp\/v2\/pages\/2\/revisions\/66"}],"wp:attachment":[{"href":"https:\/\/web1.1aconsulting.ch\/index.php?rest_route=%2Fwp%2Fv2%2Fmedia&parent=2"}],"curies":[{"name":"wp","href":"https:\/\/api.w.org\/{rel}","templated":true}]}}